mainder when c is divided by 49.
7
Let m(s) = s**3 - 2*s**2 - 6*s + 5. Let t(o) = o**2 + 6*o - 12. Let g = 21 + -29. Let z be t(g). What is the remainder when 36 is divided by m(z)?
10
Suppose -18*t + 21*t = 162. Suppose 0 = 3*i - 3*v - v - 44, 5*i = -3*v + t. What is the remainder when i is divided by 3?
0
Let z = 15 + -11. Suppose -2*s - 10 = 0, -2*y + 52 = -z*s - 4. What is the remainder when 34 is divided by y?
16
Calculate the remainder when ((-62)/(-4))/(452/64 - 7) is divided by 8.
0
Suppose 5*y - f - 58 = 0, -5*y + 6*f - 4*f + 56 = 0. Suppose 6*b - 66 = 4*b. What is the remainder when b is divided by y?
9
Suppose 45 = 5*h + 30. Let x = 319 - 115. Suppose h*k - x = -k. What is the remainder when k is divided by 18?
15
Let l(g) = g**3 - 8*g**2 + 6*g - 11. Let x be l(5). Let d = 83 + x. What is the remainder when d is divided by 5?
2
Let w = 22 - 7. Let b = 44 + -37. What is the remainder when w is divided by b?
1
Let q be 1*15*232/(-12)*1. Calculate the remainder when -3 - (3 + q + -1) is divided by 41.
39
Let w = -1 + 15. Let q = w + -10. Suppose -x = 2*a - 12, a + q = -0*x + 2*x. Calculate the remainder when 10 is divided by x.
2
Suppose -4*y - 20 = 0, -6*y = -4*q - 11*y + 375. Suppose 70 = 4*w + 2*j - j, -6 = -3*j. What is the remainder when q is divided by w?
15
Let p be 4/36*-3*-57. Let m = 24 - p. Suppose k + 56 = m*k. Calculate the remainder when k is divided by 8.
6
Suppose -5*b - 2*s + 9 - 32 = 0, 2*b + 5 = -5*s. What is the remainder when (1 + 1)*((-115)/2)/b is divided by 4?
3
Let m(c) = -4*c + 29. Let r be m(6). Suppose -r*o + 4 = 3*f - 16, 3*f = -15. Calculate the remainder when 17 is divided by o.
3
Let x(a) = -a**3 + 14*a**2 - 13*a - 13. Let c be x(13). Let z = c - -99. What is the remainder when z is divided by 30?
26
Suppose -5*o = 4*d - 0*o - 86, -2*o = 4*d - 80. Calculate the remainder when 73 is divided by d.
16
Suppose 180 = 9*z + z. Suppose -6 = 2*i, 3*i + 23 = 2*a + 2*i. What is the remainder when z is divided by a?
8
Suppose z = 5*n - 947, -15*n = -18*n - 5*z + 557. What is the remainder when n is divided by 38?
37
Let t(u) = u**3 - 20*u**2 + 18*u + 25. Let d be t(19). Calculate the remainder when (-3 + 5)/(d/63) is divided by 6.
3
Let v(j) = 40*j - 13. Calculate the remainder when 51 is divided by v(1).
24
Let b = 5 + -5. Suppose b*t = 4*t - 204. What is the remainder when t is divided by 18?
15
Suppose 4 = -2*o - 4*f, 0 = o + 4*o - f - 34. What is the remainder when 22 is divided by o?
4
Suppose 4 = 3*j - 53. Suppose -35 = -5*t - 3*q + 8, -j = -3*t + 5*q. Calculate the remainder when 28 is divided by t.
4
Let z(x) be the second derivative of x**4/4 - x**3/6 + 5*x**2/2 + 2*x + 7. Let s = 105 - 68. Calculate the remainder when s is divided by z(-2).
18
Calculate the remainder when ((-3)/(36/(-362)))/((-14)/(-84)) is divided by 37.
33
Suppose 3*s + 5*o = 982, 5*s + 2*o - 1929 + 324 = 0. What is the remainder when s is divided by 64?
63
Let b(j) = j**3 - 3*j**2 - 7*j + 4. Let y(v) = v - 1. Let x(c) = b(c) + 5*y(c). Calculate the remainder when 40 is divided by x(4).
5
Suppose 3*r - 171 = -6*x, x + 3*r - 31 = -0*r. Calculate the remainder when 123 is divided by x.
11
Let n = 318 + -163. Let b(d) = 28*d**2 + 3*d + 1. What is the remainder when n is divided by b(-1)?
25
Suppose j - l = -0*l + 51, 218 = 4*j + 3*l. Let h(z) = 3*z**3 + 2*z**2 + z - 3. Let y be h(-2). Let t = -7 - y. Calculate the remainder when j is divided by t.
11
Suppose 0 = -208*k + 201*k + 595. Calculate the remainder when 423 is divided by k.
83
Suppose 28 = h + 26. Suppose u = -0 + 2. Suppose 2*l = -0 + u. Calculate the remainder when h is divided by l.
0
Let g = -13 - -46. Suppose -5*c + 2*l + 91 = -l, c = -2*l + 13. Calculate the remainder when g is divided by c.
16
Let s = -30 + 36. Suppose 3*t - 6 = 3. Suppose 5*j = -5*i + 90, 4*i - t*j = -s*j + 67. Calculate the remainder when 24 is divided by i.
11
Suppose 3*t - 85 = -n, 122 = -4*n - 3*t + 507. Suppose -2 = 4*v - 70. Calculate the remainder when n is divided by v.
15
Let m(h) = 2*h**2 - 15*h + 17. Suppose 0 = -3*i, 13 + 17 = 3*x + 2*i. What is the remainder when m(x) is divided by 34?
33
Suppose 0 = -9*d + 3*d + 204. Suppose 58 = 36*p - d*p. Calculate the remainder when p is divided by 8.
5
Let p = 1350 - 783. What is the remainder when p is divided by 95?
92
Suppose 0 = -b + 6*b - 115. Suppose 0 = 6*u + 299 - 629. What is the remainder when u is divided by b?
9
Let i be (4/(-12))/((-3)/(-9)). Let z(k) = -15*k - 2. What is the remainder when z(i) is divided by 4?
1
Suppose -6*b = -5*b + 40. Suppose 2*w + 0*w + 52 = 0. Let i = w - b. What is the remainder when 25 is divided by i?
11
Let k = 45 - 12. Let m = 38 - k. Calculate the remainder when 24 is divided by m.
4
Let g = 13287 + -13276. Suppose 5*j + 91 = d + 2*d, -3*d - 4*j = -73. What is the remainder when d is divided by g?
5
Suppose -10 = 5*k - 0*k. Let y be (-1)/(k - 25/(-12)). Let i(b) = -3*b - 21. What is the remainder when 57 is divided by i(y)?
12
Let n(v) = -v**3 + 4*v**2 - 5. Let d be n(5). Let x(t) = 2*t**2 + 2*t + 5. Let h be x(4). Let y = h + d. Calculate the remainder when 57 is divided by y.
12
Suppose -43*q - 558 = -52*q. What is the remainder when q is divided by 32?
30
What is the remainder when 40 is divided by 12/(((-10)/(-60))/((-1)/(-9)))?
0
Suppose 4*v - 580 - 680 = 0. Suppose -4*p - p + v = -5*i, 4*i = p - 48. What is the remainder when p is divided by 7?
5
Suppose 4*w + 6*q - 9 = 11*q, -3*w + 2*q + 12 = 0. What is the remainder when 14 is divided by w?
2
Let y(r) = r**3 + r**2 - r + 48. Let n be y(0). Suppose 3*b - f - 128 = -0*f, 5*f - n = -b. Calculate the remainder when b is divided by 24.
19
Let s(w) = 9 - 5*w + 4*w - 5 + 8. Calculate the remainder when s(-6) is divided by 11.
7
Suppose -3*p + 0*n = -n - 157, -4*p + 203 = 5*n. Suppose 5*l = 7*l - p. Let f = -8 - -15. Calculate the remainder when l is divided by f.
5
Let u(m) = m**3 + 5*m**2 - 7*m + 3. Let f = -39 + 68. Suppose 59 = 4*q + z, 4*q - f - 26 = -5*z. Calculate the remainder when q is divided by u(-6).
6
Calculate the remainder when 2/(-20) + 161403/730 is divided by 39.
26
Suppose -5*g + 22 + 123 = 0. Calculate the remainder when g is divided by (-40)/(-6)*18/12.
9
Let q be (6/10)/((-10)/(-50)). Suppose 53 - q = 2*t. Calculate the remainder when t is divided by 7.
4
Suppose z + 101 = 2*t, 0 = z + 3*z + 20. Suppose 2*u + n = t, 24 = 2*u + n - 6*n. What is the remainder when 65 is divided by u?
21
Let b = 26 + -24. Suppose 3*r - 5*q - 149 = 0, r - b*q = q + 51. Calculate the remainder when r is divided by 13.
9
Let u = 1036 - 990. Let w = 59 + -34. What is the remainder when u is divided by w?
21
Let y = -715 - -749. What is the remainder when 608 is divided by y?
30
Let l = -3 + 41. What is the remainder when l is divided by 33?
5
Let s be (-12)/4 + (-88)/(-2). Let k = s - 24. What is the remainder when k is divided by 9?
8
Let u = 54 + -54. Suppose u = -4*r - 5*c + 267, 5*r - 249 = -4*c + 96. Calculate the remainder when r is divided by 37.
36
Let h be 8/(-2) + 7 + 2. Suppose h*d - 3 = 12. Calculate the remainder when d is divided by 0 - 2 - (-1)/((-3)/(-15)).
0
Let c = -103 + 188. Let t(p) = -p**2 - 14*p - 8. Let r be t(-12). Suppose -4*y + 132 = r. What is the remainder when c is divided by y?
27
Let t = -162 + 404. Suppose 4*h - t = -3*f, -5*h + 75 = 2*f - 77. Calculate the remainder when f is divided by 29.
28
Let k(m) = -14*m**3 + 3*m**2 + 7*m + 15. Calculate the remainder when 747 is divided by k(-2).
122
Let v(j) = 8*j**2 + 9*j + 7. Calculate the remainder when 203 is divided by v(-3).
47
Suppose -5*x + 17 = -4*x. Let t(j) = j**3 - 17*j**2 + 6*j - 6. Calculate the remainder when t(x) is divided by 20.
16
Let t = -114 - -173. Suppose -5*s = 2*i - 65, 0 = -3*s + 3*i - 21 + 81. Calculate the remainder when t is divided by s.
14
Suppose 5*k - 3*x = 149 + 42, -k + 2*x + 41 = 0. Suppose -5*l + 129 = -1. Suppose -54*q = -52*q - l. Calculate the remainder when k is divided by q.
11
Let p = -36 + 101. Suppose 20 = 5*n + 2*a - 32, -4*a - 6 = -n. Let g = n - -7. Calculate the remainder when p is divided by g.
14
Suppose 0 = -3*s + 3, 0*i = -5*i - 4*s + 119. Let v = i - 23. Suppose v = -4*w + 4, 0*w - w = -a + 52. What is the remainder when a is divid